q) be the first derivative of q**2/2 - 1. Let p = 8112 + -8102. Calculate x(p).
10
Let g(p) = 3025 + 51*p - 2984 - 99*p + 61*p. Give g(-6).
-37
Suppose 4*s = s. Suppose -3 = -q - s*q. Let i(h) = -11*h + q*h - 4*h**2 + 3*h**2 + 4*h. What is i(-2)?
4
Let a(w) = 662*w + 1998. Let y be a(-3). Let h(b) = -b**2 + 8*b + 36. Determine h(y).
-12
Let d = 9903 - 9900. Let v(i) = i**2 - 80*i + 237. Calculate v(d).
6
Let r = 170 - 513. Let l = r - -348. Let p(q) = q**3 - 6*q**2 + 3*q + 7. Determine p(l).
-3
Let v(y) = -17*y**2 + y**3 - 216 - 215 + 24*y + 518. What is v(15)?
-3
Let l(g) = g**3 + 26*g**2 + 3*g + 82. Suppose -5*c - o + 46 = 183, -3*c = 4*o + 106. What is l(c)?
4
Let q(r) = 7*r**3 - 13*r**2 - 3*r + 39. Let d(h) = 2*h**3 - 5*h**2 - 2*h + 13. Let u(m) = -10*d(m) + 3*q(m). Calculate u(-10).
-23
Let l(m) = 38*m**3 + m**2 + 2*m + 2. Suppose 0 = z + 1, 16*z - 12*z = -2*w - 6. Determine l(w).
-37
Let x(j) = -8*j**3 - 57*j**2 + 58*j + 17. Let w(b) = -11*b**3 - 85*b**2 + 91*b + 25. Let z(k) = 5*w(k) - 7*x(k). Determine z(24).
30
Let h(s) be the first derivative of -s**3/3 - s**2/2 + 7*s + 2. Suppose -5 = 156*d + 14 - 19. What is h(d)?
7
Let z be 110/7 - (-3060)/2380. Let l(g) = 2*g - 42. What is l(z)?
-8
Suppose -24*m = -172 + 155 + 209. Let p(i) = i**2 + 6*i + 13. What is p(m)?
29
Let k(b) = -2*b**2 - b + 2. Suppose -5*y + 65 = 4*j, -21*j + 3*y = -19*j - 27. Suppose 0 = -v - 3*i - 8, -v + 3*v = -2*i. Let s be (v - 70/j)*3. Give k(s).
-4
Let s(x) be the second derivative of x**4/12 + 13*x**3/3 + 79*x**2/2 + 57*x + 17. Give s(-21).
-26
Suppose 80 = 249*v - 169. Let p(i) = 61*i + 1. Give p(v).
62
Let x be (-2 + 28/7)/((-2)/(-12)). Let h(m) = -2 - 5*m**3 + 0*m**3 - m**2 + x*m**3 - 4*m**3. What is h(2)?
18
Let d(r) = r**3 - 3*r**2 - 4*r - 7. Suppose 41*a - 135 = 26*a. Let m(b) = 4*b**3 - 11*b**2 - 15*b - 28. Let n(s) = a*d(s) - 2*m(s). Calculate n(6).
-7
Suppose 32 = -4*j - n, 3*n + 48 = -4*j - 2*n. Let a(p) = p**3 - 7*p**2 + 4. Let r be a(7). Let m(u) = -r*u + 2*u - u - 8. What is m(j)?
13
Let w(u) = -u**2 + 3*u + 16. Let t(j) = -j**2 - j + 6. Let y(h) = 2*t(h) - w(h). Let g = -5 + 8. Suppose g + 12 = -3*d. Calculate y(d).
-4
Suppose 76*i = 78*i + 16. Let v(d) be the first derivative of d**4/4 + 8*d**3/3 + d**2 - 10*d - 16. Calculate v(i).
-26
Let t(c) = c**3 + 14*c**2 - 8*c - 4. Let w(x) = -12*x - 35 + 52*x + 54 - 72*x**2 - 6*x**3. Let h(o) = 11*t(o) + 2*w(o). Give h(9).
3
Suppose 3*n - 168 = -9*n. Let s(i) = i**3 - 13*i**2 - 13*i + 10. Let u be s(n). Let o(y) = -20 - 19 - y**2 + y + 65 - u. Determine o(3).
-4
Let g(a) = -a**3 + 10*a**2 - 14*a - 11. Let p be g(7). Let w(s) = -5 - 2*s + 3 + s**2 + p*s**3 - 39*s**3 + s**2. Calculate w(-2).
18
Let o be ((-138)/(-276))/(2/(-140)). Let a(y) = -y**2 - 37*y - 58. Determine a(o).
12
Let a(h) = -h**2 + 6*h + 6. Let u be -5*2/15 + 202/(-3). Let y = -53 - u. Let r = 21 - y. Give a(r).
6
Let s(q) be the third derivative of -1/24*q**4 - 4/3*q**3 - 65*q**2 + 0*q + 0. Calculate s(-5).
-3
Let q(y) = 3*y + 56. Suppose -4*a + 20 = 0, -14*b + a + 50 = -19*b. Determine q(b).
23
Let o(k) = 16*k**3 + 66*k**2 + 11*k + 76. Let m(h) = -3*h**3 - 11*h**2 - 2*h - 15. Let f(x) = -11*m(x) - 2*o(x). What is f(10)?
-87
Let s(z) be the third derivative of -z**7/840 - z**6/60 + z**5/15 - 63*z**3/2 - 2*z**2 + 3. Let q(i) be the first derivative of s(i). Determine q(-6).
-48
Let k(g) = 3*g - g**2 + 0*g**2 + 2*g + 5*g. Suppose -6*y - 3*r = -2*y - 4, -5*y - 5*r = 0. Suppose -2*s - 2*s + 30 = -2*x, y*x + 33 = 5*s. Give k(s).
9
Suppose -5*i - 3426 + 3441 = 0. Let f(y) be the first derivative of 35 + 3/4*y**4 - y - y**2 - 1/3*y**i. What is f(-1)?
-3
Let s(l) be the second derivative of l**5/60 + l**4/8 + l**3 - 17*l**2 - 235*l. Let m(u) be the first derivative of s(u). Give m(-5).
16
Let c(y) be the first derivative of y**4/12 + 7*y**3/6 - 366*y + 337. Let n(d) be the first derivative of c(d). Suppose -2*x - 21 = x. Determine n(x).
0
Let f be (-25)/6 - -4 - (-2044)/24. Suppose -55 = 6*c - f. Let k(m) = m - 11. Let b(h) = h - 12. Let v(y) = -5*b(y) + 6*k(y). Give v(c).
-1
Let n(i) = 97*i - 314*i + 37 + 108*i + 104*i. Give n(15).
-38
Let d(v) = 1 + 1 - 138*v + 212*v - 110*v. Let h(z) = 13*z - 1. Let m(x) = 4*d(x) + 11*h(x). Calculate m(3).
-6
Let b(n) = -n**3 - 18*n**2 - 67*n - 23. Let z be b(-13). Let j(y) = 5*y**2 - y - 2. Give j(z).
40
Let d(b) = 2*b - 10. Let z(u) = 4*u - 21. Let y(w) = -18*w - 5. Let a be 32/(-24) + (0 + 2)/6. Let m be y(a). Let l(s) = m*d(s) - 6*z(s). Give l(-5).
-14
Let c = -394 - -402. Let x(b) = c*b + 7*b - 5 + 4*b - 16*b. Calculate x(-6).
-23
Let x(m) be the second derivative of m**5/20 - 3*m**4/4 - 5*m**3/2 - 2*m**2 + 75*m - 15. Calculate x(-2).
-18
Suppose 4*u = 4*g + 48 + 20, 3*u - 5*g = 49. Let j(h) = -11 + h - h**2 - 6 + u - 13. Let i(t) = 3*t**3 - 4*t**2 - 6*t + 4. Let k be i(2). What is j(k)?
-12
Let f be 0*(5/(-35) - 18/21). Let u(q) = -q**2 - 4 + 4 - 3*q + 5 + f*q. Determine u(-6).
-13
Let t(q) be the third derivative of q**4/3 - 125*q**3/6 + 49*q**2. Let b be t(15). Let g(d) = -d**3 - 5*d**2 - 8. Calculate g(b).
-8
Let d(p) = 3*p + 21. Suppose 0 = 5*n + 5*b + 20, -n + 2*n - 2 = b. Determine d(n).
18
Let o(f) = f**2 - 10*f - 41. Let j be (6/(-9))/((-111)/2331). What is o(j)?
15
Suppose -4*i = 4, 0*a + 3*i - 32 = 5*a. Let r(g) be the third derivative of g**4/24 + 5*g**3/6 + g**2 - 23*g. Determine r(a).
-2
Let s(i) = -i**3 - i**2 + 5. Let x be s(0). Let w = 985 - 981. Let l(y) = -2*y - 3*y + 1 - x*y**2 + w*y**2. Calculate l(-5).
1
Let j(n) be the second derivative of -n**4/6 + 4*n**3/3 - 2*n**2 - 6*n - 156. Suppose m + 32 = 5*m. Let r = m - 3. Determine j(r).
-14
Let b(w) = -w**3 + 3*w**2 + 6*w - 19. Suppose 1205 + 1423 = 438*z. What is b(z)?
-91
Suppose -2891 = -17*w + 1308. Let f = -243 + w. Let c(j) = -7*j - 7. Let l(x) = -4*x - 4. Let o(a) = 3*c(a) - 5*l(a). Determine o(f).
-5
Let o(q) = 3*q - 17. Let d(n) = -4*n + 25. Let r(z) = -5*d(z) - 7*o(z). Let s(l) = -l - 3. Let t(k) = -6*r(k) + 11*s(k). Let f = -327 + 329. What is t(f)?
-7
Let q = 84 - 21. Let o = q + -54. Let t(k) = -4*k + 39. Let n be t(o). Let z(f) = f**3 - 2*f**2 - f - 4. What is z(n)?
2
Let h(a) = 2*a - 7*a**2 - a**3 + 5 + 4*a**2 - 2. Let g be 5/((-280)/(-248)) - 6/14. Suppose -3*k = -2*u, 0 = g*k - 0*k - 3*u - 1. Determine h(k).
-5
Suppose -4*r - 4*u + u = -5, 4*r + 5*u = 3. Suppose -r = 9*k - 20. Let p(b) = 3 + k + 4 + b. Give p(-4).
5
Let q(y) = 5*y**3 + 10*y**2 + 4. Let o(b) = -4*b**3 - 10*b**2 - 3. Let n be (2 + (-4)/3)/((-1)/(-9)). Let w(d) = n*o(d) + 5*q(d). Calculate w(10).
2
Let l = 8354 - 8350. Let k(n) = -4*n - 1 + 4*n - n + 6. Determine k(l).
1
Let f(u) = u**3 - 10*u**2 - 10*u - 3. Suppose -2*r = -4*g + 60, -r - 3 = -7. Suppose 8*o = -g + 105. Calculate f(o).
8
Let u(z) = z**3 + 7*z**2 + 9*z - 7. Let l(g) be the third derivative of -g**5/60 + 11*g**4/12 - 39*g**3/2 + 115*g**2. Let c be l(14). Give u(c).
-2
Let q(c) be the third derivative of -c**4/8 - 2*c**3/3 - 59*c**2. Let m be q(-1). Let v(n) = 33*n**2 - 1. Give v(m).
32
Let v(b) = -47*b + 89. Let a(m) = 122*m - 267. Let s(h) = 3*a(h) + 8*v(h). Calculate s(-8).
-9
Let l be (8 - 244/(-16)) + (-3)/(-4). Let t(n) = -26*n**3 - l*n**3 - 3 + 77*n**3 - 29*n**3 + 6*n. Calculate t(2).
-7
Let q(y) = -y**3 - 9*y**2 - 15*y + 12. Let b be 18/(-21) - 3168/616. Calculate q(b).
-6
Let f(s) = s - 4. Suppose -4 = -t - 1. Let k = -426 + 442. Suppose t*b + 7 = k. Calculate f(b).
-1
Let v = -9 + 4. Let z(p) = -5*p - 17. Let a(s) = -2*s - 1. Let d(o) = -a(o) + z(o). Let n be d(v). Let w(y) = -10*y**2 + y. Give w(n).
-11
Suppose -75*f - 328 - 162 = 35. Let h(a) = -a**3 - 6*a**2 + 7*a - 4. What is h(f)?
-4
Let u(b) = b**3 - 4*b**2 - 11*b + 14. Let d be u(6). Let o be (-12)/16 - (-15)/d. Let r(l) = 6 + 4*l - 14 + 8 - 3*l. Determine r(o).
0
Let y(o) be the second derivative of -13*o**3/6 - 20*o**2 + 2*o - 542. Determine y(-3).
-1
Suppose -111 - 243 + 74 = -20*d. Let o(v) = 2*v - 31. Calculate o(d).
-3
Suppose -2*x + 3*g + 158 = 0, 4*x + 3*g = -0*x + 298. Let w(j) = x - 31 - 19 - 25 + j. Give w(3).
4
Let h(i) = -3*i**2 + i. Let k(x) = 53*x - 3. Let z be k(3). Let l = -154 + z. What is h(l)?
-10
Let s(x) = x**2 - 42*x - 53*x - 24 - 45*x + 127*x. Give s(11).
-46
Let s(h) = h**2 - 6*h - 5. Let z be s(9). 